 greatest common divisor of c and 20?
10
Suppose 0 = 37*j - 9444 + 79 - 3252. What is the highest common divisor of j and 396?
11
Suppose -4*u = 4, 2642*k = 2641*k + 4*u + 94. What is the highest common factor of 490 and k?
10
Let f = 20546 + -11367. Calculate the highest common factor of f and 67.
67
Let q(o) = o**2 - 18*o + 23. Let z be q(17). Suppose 0 = 4*m - 46 + z. Let u be 1898/m - (-4)/(-5). Calculate the highest common factor of u and 21.
21
Let h(a) = 3*a**2 + 37*a - 266. Let p(l) = -l**2 - 12*l + 89. Let x(u) = -2*h(u) - 7*p(u). Let r be x(7). Calculate the highest common factor of r and 812.
28
Let z(c) = -3*c**2 + c + 8. Let d = -266 - -266. Let b be z(d). What is the highest common divisor of 20 and b?
4
Let v(o) = o - 2. Let f be v(2). Suppose 3821*r = 3813*r + 24. Suppose -r*w + 80 = -2*t, f = w + 2*w + 5*t - 52. What is the greatest common factor of 60 and w?
12
Suppose c = -6*a + 5*c + 978, 672 = 4*a + 4*c. What is the highest common factor of 450 and a?
15
Suppose -793 = -0*w - 9*w - 4*w. Calculate the greatest common divisor of 1 and w.
1
Suppose 597*i + 457600 = 757*i. What is the highest common divisor of i and 88?
44
Let t(f) be the third derivative of f**6/40 + 7*f**4/12 + 7*f**3/6 - 22*f**2 + f. Let h be t(4). Calculate the greatest common divisor of h and 17.
17
Let k be (4 + -2 + 0)*2. Let o(l) = -l**3 + 7*l**2 + 3*l + 3. Let v be o(k). Let i be 2 - (-4 - 2) - 1. Calculate the greatest common divisor of v and i.
7
Suppose -15*i + 10368 = 7*i + 10*i. Calculate the highest common divisor of i and 288.
36
Suppose 4*h + 5*d = 118, -5*h + 4*d = -67 - 60. Calculate the highest common factor of h and 33.
3
Let p = 345 - 193. Let c = p - -2. What is the greatest common divisor of 14 and c?
14
Suppose -9*f + 3823 = 2*f - 2348. Calculate the greatest common factor of f and 99.
33
Let n = 171 - 165. Let k be n/21 - (2 + 6348/(-28)). Calculate the greatest common divisor of 9 and k.
9
Let g be 5 - (10869/(-75) - 8/100). Calculate the highest common divisor of 2175 and g.
75
Let a(c) = -170*c - 4560. Let k be a(-61). Calculate the highest common factor of 140 and k.
70
Let c be (10 - 9) + (1000 - (-12 + 23)). What is the highest common factor of 40 and c?
10
Let y(w) = 759*w**2 + 757*w + 758. Let m be y(-1). Calculate the highest common factor of m and 80.
40
Let v be (-1 + -2)*((-16)/24 + 1). Let n be 3 - v - (-722)/19. Calculate the highest common divisor of n and 189.
21
Suppose 3*b - 17 = 7. Suppose -t = b*t - 1170. What is the greatest common factor of t and 13?
13
Let j be (4 - ((-31)/(-2))/1)/((-68)/1496). Let d be ((-23)/3)/(2/(-6)). What is the greatest common factor of j and d?
23
Let x = -5241 - -8744. What is the highest common divisor of x and 31?
31
Let g = 40233 + -40045. Calculate the highest common divisor of 6 and g.
2
Let c(j) = -2*j**3 - 57*j**2 + 26*j - 79. Let l be c(-29). What is the highest common divisor of 1796 and l?
4
Let n(f) = 2*f**2 - 121*f + 1381. Let o be n(15). Let u be (-7764)/(-18) + (-4)/(-6). What is the greatest common divisor of u and o?
16
Suppose 0 = u - 36*f + 32*f - 5497, -u + 2*f = -5489. Calculate the greatest common divisor of 378 and u.
189
Let x be -2 - (-202)/(-4)*(-9 - -5). Suppose x = -3*l - 5*r, -l - 3*r - 274 = 3*l. Let b = l - -88. What is the highest common divisor of b and 9?
9
Suppose -3*k - 7*k + 800 = 0. Let x = 311 - k. Suppose -3*d - x = -5*q, -3*q = -8*q - 4*d + 252. Calculate the highest common divisor of 32 and q.
16
Let o be (-10)/(-45) + (-80)/36 + 2. Suppose 13*i = -o*i + 3796. Calculate the greatest common factor of i and 219.
73
Suppose 0 = 12*a - a - 19*a. Suppose 2*f - 10 = -3*f. Suppose -2*t - f*p + 11 + 19 = 0, a = t - 2*p - 15. Calculate the highest common divisor of t and 105.
15
Let i be (-19986)/(-27) + (-28)/126. Suppose 0 = g + v - 24, 5*g - 4*v + 36 = 6*g. Calculate the greatest common divisor of g and i.
20
Let l(x) = x**3 + 55*x**2 - 4*x - 160. Let u be l(-55). Calculate the greatest common divisor of u and 1788.
12
Let g(a) = -a**3 + 6*a**2 + 2. Let j be g(6). Let r be (-3 - (j - 4))*-12. Let o be (-53)/(-6) + -2 + 100/(-120). What is the greatest common factor of o and r?
6
Let d = 8133 + -8088. What is the greatest common divisor of 10575 and d?
45
Let n(g) = 46*g + 81. Let f be n(6). Let z = 369 - f. Calculate the greatest common factor of 492 and z.
12
Suppose -71125 - 911 = -87*a. What is the greatest common divisor of 92 and a?
92
Let n be ((-6)/(-5))/(3/10). Let x be (3 - 1233/135) + 6 + (-17)/(-15). What is the highest common divisor of n and x?
1
Suppose 5*z = -t + 18, -4*t + 3 = 12*z - 15*z. Let p be (-354 + (-3 - z))*-1. What is the greatest common divisor of p and 135?
45
Let u be (-296)/7 - (-10)/35. Let x = u + -102. Let v = x + 252. What is the highest common divisor of v and 27?
27
Let b be (1 + 100/(-8))*-34. Let d = b + -182. Let z be (0 + 19)/(0 - -1). Calculate the highest common factor of d and z.
19
Let l(t) be the second derivative of 13*t**3/6 - 27*t**2/2 + 34*t. Let n be l(3). Calculate the highest common factor of 588 and n.
12
Let g = -1904 - -3621. What is the highest common factor of g and 101?
101
Let k = -420 + 425. Suppose 3*b + x = 43, 2*x - 3*x + 75 = k*b. What is the highest common divisor of b and 4?
4
Let y = 1314 + -1285. Calculate the greatest common divisor of y and 7395.
29
Let r(d) = -d**3 + 7*d**2 - 4*d - 2. Let c be r(6). Suppose 0 = -5*u - 3*p + 96, 0 = -6*u + u + p + 68. What is the highest common divisor of u and c?
5
Let i(q) = -81*q + 926. Let x be i(10). Calculate the greatest common divisor of 3799 and x.
29
Suppose -3*a - w = -6393, 4*a - 8531 = -597*w + 598*w. Calculate the greatest common factor of a and 208.
52
Let u = -18992 - -20307. Calculate the highest common divisor of 8416 and u.
263
Suppose 0 = 17*n + 16*n - 1320 - 924. What is the highest common divisor of n and 128?
4
Let h be -2*(-5)/15*-57. Let m be 116/19 - (-4)/h. Suppose m*p = -0*p + 378. What is the highest common divisor of p and 9?
9
Let r(u) = 44*u - 42*u + 396 + 45*u - 113. Let g be r(25). Calculate the greatest common factor of 81 and g.
81
Let o = 13426 - 13401. What is the greatest common factor of o and 36475?
25
Suppose 5525 - 605 = 8*s. Let w = s - 605. Calculate the highest common factor of 18 and w.
2
Let z = 30871 - 29239. What is the greatest common factor of 4128 and z?
96
Let j(l) = l + 65. Let x be j(0). Let u(d) = d - 29. Let w be u(39). Suppose 5 = w*b - 125. Calculate the highest common factor of x and b.
13
Suppose -500 = -5*x - f, 4*x - 597 + 197 = -3*f. What is the highest common factor of 7350 and x?
50
Suppose -7*h + 10*h = 2*i + 19, 3*i + 3 = -4*h. Let t be (h + -5 + 3)/((-1)/(-45)). Calculate the highest common divisor of t and 60.
15
Let c be (-259600)/(-3608) + (-2)/(-41). What is the highest common divisor of 3468 and c?
12
Suppose -g + 40 = -0*n + 5*n, 3*n = -g + 30. Calculate the greatest common divisor of g and 2085.
15
Let i be 120 - ((-50)/(-15) - 4/(-6)). Suppose -46 = n - i. Let w = 61 + 114. Calculate the greatest common divisor of n and w.
35
Suppose -r + 6338 = t, -33811 = -5*r + 2*t - 2107. Calculate the highest common divisor of 80 and r.
20
Suppose -157 = -10*o - 957. Let w = -66 - o. Calculate the highest common divisor of w and 14.
14
Suppose 2367 - 707 = -4*t. Let j = -260 - t. Suppose -b = 4*v - 7*v + 145, 3*v - j = -b. Calculate the highest common divisor of v and 125.
25
Suppose -m - 11*p = -20*p + 112, 0 = -5*m - 4*p + 77. Let t = -22 - -10. Let a be t/(-15)*(-25)/(-2). What is the greatest common divisor of a and m?
5
Suppose -11*f + 11691 = -7*f + 5*d, -2*d + 11694 = 4*f. Calculate the highest common factor of f and 344.
172
Let d = 2320 + -2130. Calculate the greatest common divisor of d and 266.
38
Let w be (-11)/((-231)/18) + -5*(-9816)/70. Calculate the greatest common factor of w and 26.
26
Suppose 0 = 5*g - 13*b + 12*b - 20, 0 = 4*g - 5*b - 16. Suppose -3*h + 175 = -4*i, -9*h - 3*i + 340 = -g*h. What is the greatest common divisor of 10 and h?
5
Suppose -3*f - 3*n + 126 = 0, 0 = -3*f + 8*f - 3*n - 186. Suppose 4684 = 15*w - 1751. What is the highest common divisor of w and f?
39
Let u(d) = d**3 - 9*d**2 + 6*d + 10. Let a be u(9). Suppose a = 11*b - 24. Calculate the